+ 2. Calculate the remainder when w is divided by k(8).
8
Suppose -2*a + 164 = j + j, 0 = 2*j - 2*a - 180. Suppose 3*q - 3*g - 2*g - j = 0, 0 = 2*q - 5*g - 59. Calculate the remainder when q is divided by 10.
7
Suppose 0 = -0*j + 2*j - 28. Let q(r) = r - 4. Let b be q(6). Calculate the remainder when j is divided by 3 + (b - (-2 + -1)).
6
Suppose -4*s - 106 = -5*m, 13 + 101 = -4*s + m. Let l = s - -46. What is the remainder when -1 + 0/(-2) - -34 is divided by l?
16
Suppose 4*f + 3*w - w = -22, -3*w = 2*f + 9. Let x(i) = -i - 3. Calculate the remainder when x(f) is divided by 3.
0
Calculate the remainder when ((-14)/6)/(3/54*-1) is divided by 23.
19
Suppose 0 = -4*c + 9 + 39. Calculate the remainder when 11 is divided by -3 + -3 + c + -3.
2
Suppose -3*a + 0*a + 81 = 0. Let u(x) = -2*x**2 + 38*x - 26. What is the remainder when a is divided by u(18)?
7
What is the remainder when 205 is divided by ((-5)/10)/((-1)/52)?
23
Suppose 3*o - 4*s - 13 = -0*o, -5*o + 11 = -4*s. Let m(t) = -t - 15. Calculate the remainder when 5 + o - (-2 + 0) is divided by m(-17).
0
Let t(w) be the third derivative of -w**4/8 - w**3/3 - w**2. Let y(u) = u**3 + 3*u**2 - 5*u. What is the remainder when t(-4) is divided by y(-4)?
2
Let u(m) = 28*m - 41. Calculate the remainder when u(4) is divided by 18.
17
Let r be (-4 - (-4 - -4)) + 73. Suppose -f = 2*f - r. What is the remainder when f is divided by 6?
5
Calculate the remainder when 252/(-16)*(-3 + (-4)/(-12)) is divided by 11.
9
Suppose 3*r = 27 + 21. Suppose 0 = -4*h - 2*n + 94, 4*h - 2*n + r = 5*h. What is the remainder when h is divided by 14?
12
Let j(z) = 2*z**2 + 12*z + 28. What is the remainder when (-542)/(-14) - 2/(-7) is divided by j(-3)?
9
Suppose -4*n + 5*x = -33, n = x + 3*x. Calculate the remainder when n is divided by 2.
0
Let r(d) = d**3 + 12*d**2 - 2*d - 4. Let q be r(-12). Let g = q + 23. Calculate the remainder when g is divided by 22.
21
Let n = 16 + -4. Calculate the remainder when (102/(-6))/(1/(-2)) is divided by n.
10
Let t(u) = 31*u - 23. What is the remainder when t(10) is divided by 72?
71
Let g(k) = k**3 + 4*k**2 - 4*k - 3. Let m be g(-5). Let b = 41 + m. Calculate the remainder when b is divided by 12.
9
Suppose 4*g = 4*q + 24, 0 = 4*g + 7*q - 3*q + 8. Suppose i = -5*v + 19, -3*v - g*i = v - 20. What is the remainder when 11 is divided by (1 - 3)*(-6)/v?
3
Suppose -n + 3*b = -60, -126 = -3*n + 3*b + 54. Suppose v + 3*v = n. Calculate the remainder when 59 is divided by v.
14
Let p = -9 - -9. Suppose 105 = -p*v + 3*v. What is the remainder when v is divided by 9?
8
Suppose 3*f - 11 = 2*f. Calculate the remainder when 19 is divided by f.
8
Let f(d) = d**2 + d - 1. Let m = 89 + -85. Calculate the remainder when f(3) is divided by m.
3
Let p(q) = -q**3 - 2*q**2 - q + 5. Calculate the remainder when 22 is divided by p(0).
2
Suppose 0 = 5*m - 3*m - 50. What is the remainder when m is divided by 14?
11
Suppose 156 = 5*n + 4*h, n + 4*h = -0*h + 44. Suppose -3*k + 49 = 2*x, -k = -x - 18 + 5. What is the remainder when n is divided by k?
13
Suppose g - 68 = -3*g. What is the remainder when 18 is divided by g/3 - (-2)/(-3)?
3
Let d(y) = -y**3 - 3*y**2 - 3*y. Suppose -2*a - 3*n - 3 + 8 = 0, 4*a - 3*n = 55. Calculate the remainder when d(-4) is divided by a.
8
Calculate the remainder when 13*(3 + 4)/1 is divided by 31.
29
Let s(o) = 10*o**2 - 4*o + 4. What is the remainder when s(1) is divided by 4?
2
Suppose 6*z - 27 = o + 2*z, -3*o - 5*z = 115. Let p = 0 - -56. Let a = o + p. What is the remainder when 62 is divided by a?
20
Suppose 24 = 10*r - 2*r. Calculate the remainder when 11 is divided by r.
2
Suppose 51 = 2*i + 15. Let n = i + -12. Suppose -d = -4*y + 35, 4*y + 5*d - 55 = 2*d. What is the remainder when y is divided by n?
4
Suppose -2*p - h + 55 = 0, -3*h - 125 = -4*p - 8*h. What is the remainder when 47 is divided by p?
22
Suppose 3*o - 31 - 11 = 0. What is the remainder when o is divided by (1/(-2))/((-2)/20)?
4
Let h(b) = 2*b**3 - 5*b**2 + 4*b - 1. What is the remainder when 57 is divided by h(3)?
17
Suppose 2*m - y + 25 = 64, -4*y + 31 = 3*m. Suppose 0 = -2*f + 6, 0*a - 12 = -a + 2*f. Calculate the remainder when m is divided by a/(-5)*(-35)/14.
8
Suppose 2*a - 91 = -23. Calculate the remainder when 100 is divided by a.
32
Let q(u) = -u**3 + 7*u**2 + 2*u - 10. Let o(j) = 2*j - 13. Let k be o(9). Let d = k + 2. Calculate the remainder when q(d) is divided by 2.
0
Suppose -7*b = -5*l - 3*b + 585, b - 351 = -3*l. Calculate the remainder when l is divided by 30.
27
Let v(c) be the first derivative of -c**4/4 + 2*c**3 + 3*c**2 - 8*c + 1. Suppose 9 = 3*m - 9. What is the remainder when v(m) is divided by 10?
8
Suppose -1 = -2*g - 13. Let n(y) = y**2 + 7*y + 9. Calculate the remainder when 9 is divided by n(g).
0
Let f be (28 + -3 - -1)/2. Suppose 0 = -5*b + 22 + f. What is the remainder when b is divided by (7 - (1 + 1)) + -1?
3
Let a(f) = 2*f - 23. Let z be a(10). Let b(k) = -25*k + 4. What is the remainder when b(z) is divided by 20?
19
Suppose -3*q = -5*x - 38, 2*x + 6 + 20 = 3*q. Suppose p + 4*r + 0*r = 27, 0 = 3*p + 5*r - 74. What is the remainder when p is divided by q?
5
Suppose 0*d = 4*d - 16. Let z(b) = b**2 + 8*b - 9. Let f be z(-7). Let s = f + 26. Calculate the remainder when s is divided by d.
2
Let g = -7 - -11. Suppose k - 30 + 0 = -2*a, -g*a - 5*k = -54. Let m = -5 - -11. Calculate the remainder when a is divided by m.
4
Let s = 4 + -5. Calculate the remainder when s/4 - (-279)/12 is divided by 8.
7
Suppose -s + 2*r + 5 = 3*r, 0 = -5*s + 4*r - 11. Let a be ((-6)/1)/2 - -1. Let q = 3 + a. What is the remainder when s is divided by q?
0
Let v = -7 - -8. Calculate the remainder when ((-1)/5)/(6/(-30)) is divided by v.
0
Let r(h) = -5*h**3 + h**2 + h. Let n be r(-1). Suppose z - 3*z + n*o + 87 = 0, 4*o = -z + 24. What is the remainder when z is divided by 13?
10
Let c be 4/6 + (-63)/(-27). Let g be 4/c - (-4)/6. Let v = 57 - g. Calculate the remainder when v is divided by 19.
17
Suppose -4*m + 16 = -4*j, m - 3*j + 1 = -3. Suppose n - m = -1. What is the remainder when 19 is divided by n?
5
Let s(q) = 3*q + 4. Let v = 33 + -3. Calculate the remainder when v is divided by s(4).
14
Let d = 11 + -9. Let p be ((-90)/4)/(1/(-6)). Suppose 5*i + d*o + 2*o - p = 0, -145 = -5*i - 2*o. Calculate the remainder when i is divided by 16.
15
What is the remainder when 8 is divided by (8 - (1 - 1)) + -3?
3
Let u be (-2)/(-5) + (-40)/(-25). Suppose 15 = r + u. Calculate the remainder when 36 is divided by r.
10
Suppose 4*r = 35 + 49. Calculate the remainder when 80 is divided by r.
17
Suppose 4*f - 5*j - 1 = 2*f, -10 = -5*f + 5*j. What is the remainder when 10 is divided by f?
1
Let w = 3 + 24. Calculate the remainder when w is divided by 7.
6
What is the remainder when 40 is divided by ((-4)/8)/(2/(-44))?
7
Suppose -g = -c + 4*c - 74, -2*g + 180 = -2*c. Suppose 216 = 3*t - 3*x, 62 + g = 2*t - 4*x. Let a = t - 20. What is the remainder when a is divided by 17?
16
Let r(z) = -z**3 - 3*z**2 + z + 6. Calculate the remainder when 52 is divided by r(-4).
16
Let a be 3/(-12) - (-15)/(-4). What is the remainder when ((-92)/10)/(a/20) is divided by 16?
14
Let p = 6 - 3. Let c be p*((-5)/(-3) - 0). Suppose 2*k - 124 - 20 = -2*b, -c*b - 390 = -5*k. What is the remainder when k is divided by 19?
18
Suppose 13*w - 16*w = -21. What is the remainder when 32 is divided by w?
4
Let a(t) = 2*t**2 + 14*t + 17. Calculate the remainder when a(-9) is divided by 14.
11
Suppose -a = a - 60. Let h = a + -20. Calculate the remainder when 28 is divided by h.
8
Suppose -t + 2*x = -3, -5*t - x + 28 = 2*x. Calculate the remainder when (-1)/(-6) - 3277/(-174) is divided by t.
4
Let b(v) = 3*v**2 + 8*v + 4. What is the remainder when b(7) is divided by 42?
39
Suppose -5*g + 35 = -705. What is the remainder when g is divided by 30?
28
Suppose -6 = -2*j - j. Suppose -g - 2*i + 33 = 0, j*g + 2*i = -3*i + 70. What is the remainder when g is divided by 7?
4
What is the remainder when 57 is divided by (-51)/(-9) - (-4)/12?
3
Calculate the remainder when 33 is divided by (-33)/(-2) - (-5)/10.
16
Suppose 375 = 4*c - 5*t, 5 = 6*t - t. What is the remainder when c is divided by 32?
31
Let w(k) = -k. Let l be w(3). Let n be (l/(-2))/((-3)/